{"id":4667,"date":"2019-10-23T14:14:54","date_gmt":"2019-10-23T12:14:54","guid":{"rendered":"http:\/\/fsnv.univ-bba.dz\/?page_id=4667"},"modified":"2024-02-13T15:44:48","modified_gmt":"2024-02-13T14:44:48","slug":"depot-numerique","status":"publish","type":"page","link":"https:\/\/fsnv.univ-bba.dz\/?page_id=4667","title":{"rendered":"\u0627\u0644\u0645\u0633\u062a\u0648\u062f\u0639 \u0627\u0644\u0631\u0642\u0645\u064a"},"content":{"rendered":"<p><strong><span style=\"font-size: 16px; color: #800000;\"><a style=\"color: #800000;\" href=\"http:\/\/dspace.univ-bba.dz\/handle\/123456789\/1\"><img loading=\"lazy\" decoding=\"async\" class=\"aligncenter wp-image-4664 size-full\" src=\"https:\/\/fsnv.univ-bba.dz\/wp-content\/uploads\/2019\/10\/dspace.png\" alt=\"\" width=\"249\" height=\"93\" \/><\/a><\/span><\/strong><\/p>\n<p style=\"text-align: center;\"><span style=\"color: #800000;\"><strong>\u00a0<a id=\"ds-header-logo-link\" style=\"color: #800000;\" href=\"https:\/\/dspace.univ-bba.dz\/\"><span id=\"ds-header-logo-text\">D\u00e9p\u00f4t Institutionnel de l&rsquo;Universit\u00e9 BBA<\/span><\/a><\/strong><\/span><\/p>\n<p><span style=\"color: #000000;\"><strong><span style=\"font-size: 16px;\">\u064a\u0647\u062f\u0641 Dspace \u0625\u0644\u0649 \u062c\u0645\u0639 \u0643\u0627\u0641\u0629 \u0645\u0646\u0634\u0648\u0631\u0627\u062a \u0627\u0644\u0645\u062c\u062a\u0645\u0639 \u0627\u0644\u0639\u0644\u0645\u064a \u0641\u064a \u0627\u0644\u062c\u0627\u0645\u0639\u0629: \u0627\u0644\u0645\u0646\u0634\u0648\u0631\u0627\u062a \u0627\u0644\u0639\u0644\u0645\u064a\u0629\u060c \u0627\u0644\u0623\u0637\u0631\u0648\u062d\u0627\u062a\u060c \u0627\u0644\u0631\u0633\u0627\u0626\u0644 \u0627\u0644\u0639\u0644\u0645\u064a\u0629\u060c \u0627\u0644\u0645\u0642\u0627\u0644\u0627\u062a \u0645\u0646 \u0627\u0644\u0645\u062c\u0644\u0627\u062a \u0627\u0644\u0639\u0644\u0645\u064a\u0629\u060c \u0625\u0644\u062e.<\/span><\/strong><\/span><\/p>\n<p><span style=\"color: #000000;\"><strong><span style=\"font-size: 16px;\">\u063a\u0627\u0644\u0628\u064a\u0629 \u0627\u0644\u0645\u0642\u0627\u0644\u0627\u062a \u0645\u0648\u062c\u0648\u062f\u0629 \u0628\u0635\u064a\u063a\u0629 PDF\u060c \u0648\u0647\u064a \u0645\u062a\u0627\u062d\u0629 \u0644\u0644\u062a\u062d\u0645\u064a\u0644 .<\/span><\/strong><\/span><\/p>\n<section class=\"wow-callback zoomIn page-title-section\" data-wow-delay=\".8s\">\n<div class=\"spnc-container\">\n<div class=\"spnc-row\">\n<div class=\"spnc-col-1 parallel\">\n<div class=\"page-title  \">\n<ul class=\"ds-options-list\">\n<li>\n<h2 class=\"ds-sublist-head\">\u0645\u0630\u0643\u0631\u0627\u062a \u0627\u0644\u0645\u0627\u0633\u062a\u0631 \u062d\u0633\u0628 \u0633\u0646\u0629 \u0627\u0644\u062a\u062e\u0631\u062c<\/h2>\n<ul class=\"ds-simple-list sublist\">\n<li class=\"ds-simple-list-item\"><a href=\"https:\/\/dspace.univ-bba.dz\/handle\/123456789\/1\/discover?filtertype=dateIssued&amp;filter_relational_operator=equals&amp;filter=%5B2020+TO+2023%5D\">2020 &#8211; 2023 (498)<\/a><\/li>\n<li class=\"ds-simple-list-item\"><a href=\"https:\/\/dspace.univ-bba.dz\/handle\/123456789\/1\/discover?filtertype=dateIssued&amp;filter_relational_operator=equals&amp;filter=%5B2012+TO+2019%5D\">2012 &#8211; 2019 (294)<\/a><\/li>\n<\/ul>\n<\/li>\n<li>\n<h2 class=\"ds-sublist-head\">\u0627\u0644\u0639\u062f\u062f \u0627\u0644\u0627\u062c\u0645\u0627\u0644\u064a \u0644\u0645\u0630\u0643\u0631\u0627\u062a \u0627\u0644\u0645\u0627\u0633\u062a\u0631<\/h2>\n<ul class=\"ds-simple-list sublist\">\n<li class=\"ds-simple-list-item\"><a href=\"https:\/\/dspace.univ-bba.dz\/handle\/123456789\/1\/discover?filtertype=has_content_in_original_bundle&amp;filter_relational_operator=equals&amp;filter=true\">Yes (791)<\/a><\/li>\n<\/ul>\n<\/li>\n<\/ul>\n<\/div>\n<\/div>\n<\/div>\n<\/div>\n<\/section>\n<section id=\"content\" class=\"page-section-space blog bg-default spnc-default-page spnc-main-page \">\n<div class=\"spnc-container\">\n<div class=\"spnc-row\">\n<div class=\"spnc-col-7 spnc-sticky-content\">\n<div class=\"theiaStickySidebar\">\n<div class=\"spnc-contact-wrapper\">\n<article class=\"wow-callback zoomIn spnc-post post-4667 page type-page status-publish hentry\" data-wow-delay=\".8s\">\n<div class=\"spnc-post-content\">\n<div class=\"spnc-entry-content\">\n<\/div>\n<\/div>\n<\/article>\n<\/div>\n<\/div>\n<\/div>\n<\/div>\n<\/div>\n<\/section>\n","protected":false},"excerpt":{"rendered":"<p>\u00a0D\u00e9p\u00f4t Institutionnel de l&rsquo;Universit\u00e9 BBA \u064a\u0647\u062f\u0641 Dspace \u0625\u0644\u0649 \u062c\u0645\u0639 \u0643\u0627\u0641\u0629 \u0645\u0646\u0634\u0648\u0631\u0627\u062a \u0627\u0644\u0645\u062c\u062a\u0645\u0639 \u0627\u0644\u0639\u0644\u0645\u064a \u0641\u064a \u0627\u0644\u062c\u0627\u0645\u0639\u0629: \u0627\u0644\u0645\u0646\u0634\u0648\u0631\u0627\u062a \u0627\u0644\u0639\u0644\u0645\u064a\u0629\u060c \u0627\u0644\u0623\u0637\u0631\u0648\u062d\u0627\u062a\u060c \u0627\u0644\u0631\u0633\u0627\u0626\u0644 \u0627\u0644\u0639\u0644\u0645\u064a\u0629\u060c \u0627\u0644\u0645\u0642\u0627\u0644\u0627\u062a \u0645\u0646 \u0627\u0644\u0645\u062c\u0644\u0627\u062a \u0627\u0644\u0639\u0644\u0645\u064a\u0629\u060c \u0625\u0644\u062e. \u063a\u0627\u0644\u0628\u064a\u0629 \u0627\u0644\u0645\u0642\u0627\u0644\u0627\u062a \u0645\u0648\u062c\u0648\u062f\u0629 \u0628\u0635\u064a\u063a\u0629 PDF\u060c&hellip;<\/p>\n","protected":false},"author":1,"featured_media":0,"parent":72,"menu_order":0,"comment_status":"closed","ping_status":"closed","template":"","meta":{"footnotes":""},"class_list":["post-4667","page","type-page","status-publish","hentry"],"_links":{"self":[{"href":"https:\/\/fsnv.univ-bba.dz\/index.php?rest_route=\/wp\/v2\/pages\/4667","targetHints":{"allow":["GET"]}}],"collection":[{"href":"https:\/\/fsnv.univ-bba.dz\/index.php?rest_route=\/wp\/v2\/pages"}],"about":[{"href":"https:\/\/fsnv.univ-bba.dz\/index.php?rest_route=\/wp\/v2\/types\/page"}],"author":[{"embeddable":true,"href":"https:\/\/fsnv.univ-bba.dz\/index.php?rest_route=\/wp\/v2\/users\/1"}],"replies":[{"embeddable":true,"href":"https:\/\/fsnv.univ-bba.dz\/index.php?rest_route=%2Fwp%2Fv2%2Fcomments&post=4667"}],"version-history":[{"count":7,"href":"https:\/\/fsnv.univ-bba.dz\/index.php?rest_route=\/wp\/v2\/pages\/4667\/revisions"}],"predecessor-version":[{"id":14790,"href":"https:\/\/fsnv.univ-bba.dz\/index.php?rest_route=\/wp\/v2\/pages\/4667\/revisions\/14790"}],"up":[{"embeddable":true,"href":"https:\/\/fsnv.univ-bba.dz\/index.php?rest_route=\/wp\/v2\/pages\/72"}],"wp:attachment":[{"href":"https:\/\/fsnv.univ-bba.dz\/index.php?rest_route=%2Fwp%2Fv2%2Fmedia&parent=4667"}],"curies":[{"name":"wp","href":"https:\/\/api.w.org\/{rel}","templated":true}]}}